{"id":376,"date":"2019-08-13T10:45:21","date_gmt":"2019-08-13T15:45:21","guid":{"rendered":"http:\/\/ed.aislinthemes.com\/classes\/?page_id=5279"},"modified":"2025-08-26T08:09:08","modified_gmt":"2025-08-26T13:09:08","slug":"admisiones","status":"publish","type":"page","link":"https:\/\/www.lemas.edu.ec\/ml1\/admisiones\/","title":{"rendered":"Admisiones"},"content":{"rendered":"<h1>Admisiones 2026<\/h1>\n<h4>Nos sentimos gratamente complacidos de recibirlos como parte de esta gran familia. Por ello, deseamos acompa\u00f1arlos en este proceso, para que el mismo, como tambi\u00e9n su permanencia en nuestra instituci\u00f3n sea siempre grato para todos quienes conformamos nuestro querido LEMAS.<\/b><\/p>\n<p>Con cari\u00f1o,<br \/>Denisse Calder\u00f3n<\/h4>\n<p>\t\t\t\t\t\t\t\t\t\t\t\t\t\t\t<img fetchpriority=\"high\" decoding=\"async\" width=\"1024\" height=\"524\" src=\"https:\/\/www.lemas.edu.ec\/ml1\/wp-content\/uploads\/2025\/08\/proceso_admision_2026-1024x524.jpg\" alt=\"\" srcset=\"https:\/\/www.lemas.edu.ec\/ml1\/wp-content\/uploads\/2025\/08\/proceso_admision_2026-1024x524.jpg 1024w, https:\/\/www.lemas.edu.ec\/ml1\/wp-content\/uploads\/2025\/08\/proceso_admision_2026-300x153.jpg 300w, https:\/\/www.lemas.edu.ec\/ml1\/wp-content\/uploads\/2025\/08\/proceso_admision_2026-100x51.jpg 100w, https:\/\/www.lemas.edu.ec\/ml1\/wp-content\/uploads\/2025\/08\/proceso_admision_2026.jpg 1175w, https:\/\/www.lemas.edu.ec\/ml1\/wp-content\/uploads\/2025\/08\/proceso_admision_2026-150x77.jpg 150w\" sizes=\"(max-width: 1024px) 100vw, 1024px\" \/>\t\t\t\t\t\t\t\t\t\t\t\t\t\t\t<\/p>\n<h4>Documentos<\/h4>\n<p>\t\t\t<a href=\"https:\/\/uelemas1.runacode.com\/public\/preinscripcionesweb\" target=\"_blank\"><br \/>\n\t\t\t\t\t\t<\/a><\/p>\n<p><a href=\"https:\/\/uelemas1.runacode.com\/public\/preinscripcionesweb\" target=\"_blank\">Inscr\u00edbete aqu\u00ed<\/a><\/p>\n<p>\t\t\t<a href=\"https:\/\/drive.google.com\/file\/d\/1eAczyL3m-cx-Sr4c-ONwYrkrhdFzQu5i\/view?usp=sharing\" target=\"_blank\"><br \/>\n\t\t\t\t\t\t<\/a><\/p>\n<p><a href=\"https:\/\/drive.google.com\/file\/d\/1eAczyL3m-cx-Sr4c-ONwYrkrhdFzQu5i\/view?usp=sharing\" target=\"_blank\">Gu\u00eda de Admisi\u00f3n<\/a><\/p>\n<p>\t\t\t<a href=\"https:\/\/drive.google.com\/file\/d\/1fht3bu66ISPpa8y2aD5LrAYwwYCwDIzv\/view?usp=sharing\" target=\"_blank\"><br \/>\n\t\t\t\t\t\t<\/a><\/p>\n<p><a href=\"https:\/\/drive.google.com\/file\/d\/1fht3bu66ISPpa8y2aD5LrAYwwYCwDIzv\/view?usp=sharing\" target=\"_blank\">Folleto Normativo<\/a><\/p>\n<p>\t\t\t<a href=\"https:\/\/drive.google.com\/file\/d\/10QzhyUY4GV2ZRdQ5fo5GnfOYjIgJ1Ei8\/view?usp=sharing\" target=\"_blank\"><br \/>\n\t\t\t\t\t\t<\/a><\/p>\n<p><a href=\"https:\/\/drive.google.com\/file\/d\/10QzhyUY4GV2ZRdQ5fo5GnfOYjIgJ1Ei8\/view?usp=sharing\" target=\"_blank\">Preguntas Frecuentes<\/a><\/p>\n<p>\t\t\t<a href=\"https:\/\/drive.google.com\/file\/d\/1izpMA8xBu23WHHJUbuxfIdQn967fUZ3d\/view?usp=sharing\" target=\"_blank\"><br \/>\n\t\t\t\t\t\t<\/a><\/p>\n<p><a href=\"https:\/\/drive.google.com\/file\/d\/1izpMA8xBu23WHHJUbuxfIdQn967fUZ3d\/view?usp=sharing\" target=\"_blank\">T\u00e9rminos y condiciones<\/a><\/p>\n<p>\t\t\t<a href=\"https:\/\/drive.google.com\/file\/d\/1DFOhwWYEF_ePVhBhdZ6RSoxMwZtWsn29\/view?usp=sharing\" target=\"_blank\"><br \/>\n\t\t\t\t\t\t<\/a><\/p>\n<p><a href=\"https:\/\/drive.google.com\/file\/d\/1DFOhwWYEF_ePVhBhdZ6RSoxMwZtWsn29\/view?usp=sharing\" target=\"_blank\">Plan Referidos<\/a><\/p>\n<h2>Pr\u00f3ximas Fechas para toma de pruebas de admisi\u00f3n<\/h2>\n<h3>\n\t\t\t\t\t\t\t16<br \/>\n\t\t\t\t\t<\/h3>\n<p>\n\t\t\t\t\t\toctubre 2025<br \/>Mucho Lote 1 y 2\t\t\t\t\t<\/p>\n<h3>\n\t\t\t\t\t\t\t11<br \/>\n\t\t\t\t\t<\/h3>\n<p>\n\t\t\t\t\t\tdiciembre 2025<br \/>Mucho Lote 1 y 2\t\t\t\t\t<\/p>\n<h3>\n\t\t\t\t\t\t\t22<br \/>\n\t\t\t\t\t<\/h3>\n<p>\n\t\t\t\t\t\tenero 2026<br \/>Mucho Lote 1 y 2\t\t\t\t\t<\/p>\n<h3>\n\t\t\t\t\t\t\t19<br \/>\n\t\t\t\t\t<\/h3>\n<p>\n\t\t\t\t\t\tfebrero 2026<br \/>Mucho Lote 1 y 2\t\t\t\t\t<\/p>\n<p>\t\t\t\t\t\t\t\t\t\t\t\t\t\t\t<img decoding=\"async\" width=\"313\" height=\"209\" src=\"https:\/\/www.lemas.edu.ec\/ml1\/wp-content\/uploads\/2023\/04\/Foto_Inicial_Admisiones-313x209.png\" alt=\"\" srcset=\"https:\/\/www.lemas.edu.ec\/ml1\/wp-content\/uploads\/2023\/04\/Foto_Inicial_Admisiones.png 313w, https:\/\/www.lemas.edu.ec\/ml1\/wp-content\/uploads\/2023\/04\/Foto_Inicial_Admisiones-300x200.png 300w, https:\/\/www.lemas.edu.ec\/ml1\/wp-content\/uploads\/2023\/04\/Foto_Inicial_Admisiones-100x67.png 100w, https:\/\/www.lemas.edu.ec\/ml1\/wp-content\/uploads\/2023\/04\/Foto_Inicial_Admisiones-150x100.png 150w\" sizes=\"(max-width: 313px) 100vw, 313px\" \/>\t\t\t\t\t\t\t\t\t\t\t\t\t\t\t<\/p>\n<h4>Para Inicial y 1er Grado<br \/>\n<\/h4>\n<p>Para las admisiones del nivel Inicial y 1er Grado es necesario completar los siguientes requisitos:<\/p>\n<p><b>Para la Aplicaci\u00f3n.-<\/b><\/p>\n<ul>\n<li>C\u00e9dula del aspirante.<\/li>\n<li>C\u00e9dula del representante legal.<\/li>\n<li>Foto del aspirante tama\u00f1o carnet.<\/li>\n<li>Certificado de no adeudar emitido por la instituci\u00f3n educativa anterior.<\/li>\n<li>Informe Cualitativo para aspirantes a Incial 2 y primero de b\u00e1sica.<\/li>\n<\/ul>\n<p><b>Para la Matr\u00edcula.-<\/b><\/p>\n<ul>\n<li>C\u00e9dula del padre o madre que no sea el Representante Legal.<\/li>\n<li>Certificado laboral del representante legal.<\/li>\n<li>Certificado del DECE (en caso de que ser solicitado por la Comisi\u00f3n de Admisiones)<\/li>\n<li>Certificado de Validaci\u00f3n de Estudios (emitida por el Distrito Educativo, solo para estudiantes que realizaron el \u00faltimo a\u00f1o escolar fuera del pa\u00eds)<\/li>\n<\/ul>\n<p><b>Los aspirantes de Inicial 1-2 y Primero de B\u00e1sica rendir\u00e1n sus evaluaciones seg\u00fan disponibilidad de la semana.<\/b><\/p>\n<p>Cualquier novedad o consulta escr\u00edbanos a: <a href=\"mailto:admision@lemas.edu.ec\" target=\"_blank\" rel=\"noopener\">admision@lemas.edu.ec<\/a><\/p>\n<section id=\"fsEl_2304\" data-use-new=\"true\">\n<header><\/header>\n<\/section>\n<p>\t\t\t\t\t\t\t\t\t\t\t\t\t\t\t<img decoding=\"async\" width=\"313\" height=\"209\" src=\"https:\/\/www.lemas.edu.ec\/ml1\/wp-content\/uploads\/2023\/04\/Foto_Basica_Admisiones-313x209.png\" alt=\"\" srcset=\"https:\/\/www.lemas.edu.ec\/ml1\/wp-content\/uploads\/2023\/04\/Foto_Basica_Admisiones.png 313w, https:\/\/www.lemas.edu.ec\/ml1\/wp-content\/uploads\/2023\/04\/Foto_Basica_Admisiones-300x200.png 300w, https:\/\/www.lemas.edu.ec\/ml1\/wp-content\/uploads\/2023\/04\/Foto_Basica_Admisiones-100x67.png 100w, https:\/\/www.lemas.edu.ec\/ml1\/wp-content\/uploads\/2023\/04\/Foto_Basica_Admisiones-150x100.png 150w\" sizes=\"(max-width: 313px) 100vw, 313px\" \/>\t\t\t\t\t\t\t\t\t\t\t\t\t\t\t<\/p>\n<h4>Desde 2do a 10mo Grado<\/h4>\n<p>Para las admisiones de 2do a 10mo Grado EGB, es necesario completar los siguientes requisitos:<\/p>\n<p><b>Para la Aplicaci\u00f3n.-<\/b><\/p>\n<ul>\n<li>C\u00e9dula del aspirante.<\/li>\n<li>C\u00e9dula del representante legal.<\/li>\n<li>Foto del aspirante tama\u00f1o carnet.<\/li>\n<li>Certificado de no adeudar emitido por la instituci\u00f3n educativa anterior.<\/li>\n<li>\u00daltima Libreta de Calificaciones (Obligatorio desde 2do EGB).<\/li>\n<\/ul>\n<p><b>Para la Matr\u00edcula.-<\/b><\/p>\n<ul>\n<li>C\u00e9dula del padre o madre que no sea el Representante Legal.<\/li>\n<li>Certificado laboral del representante legal.<\/li>\n<li>Certificado del DECE (en caso de que ser solicitado por la Comisi\u00f3n de Admisiones)<\/li>\n<li>Certificado de Validaci\u00f3n de Estudios (emitida por el Distrito Educativo, solo para estudiantes que realizaron el \u00faltimo a\u00f1o escolar fuera del pa\u00eds)<\/li>\n<\/ul>\n<p>Cualquier novedad o consulta escr\u00edbanos a: <a href=\"mailto:admision@lemas.edu.ec\" target=\"_blank\" rel=\"noopener\">admision@lemas.edu.ec<\/a><\/p>\n<section id=\"fsEl_2304\" data-use-new=\"true\">\n<header><\/header>\n<\/section>\n<p>\t\t\t\t\t\t\t\t\t\t\t\t\t\t\t<img loading=\"lazy\" decoding=\"async\" width=\"313\" height=\"209\" src=\"https:\/\/www.lemas.edu.ec\/ml1\/wp-content\/uploads\/2023\/04\/Foto_Bachillerato_Admisiones-313x209.png\" alt=\"\" srcset=\"https:\/\/www.lemas.edu.ec\/ml1\/wp-content\/uploads\/2023\/04\/Foto_Bachillerato_Admisiones.png 313w, https:\/\/www.lemas.edu.ec\/ml1\/wp-content\/uploads\/2023\/04\/Foto_Bachillerato_Admisiones-300x200.png 300w, https:\/\/www.lemas.edu.ec\/ml1\/wp-content\/uploads\/2023\/04\/Foto_Bachillerato_Admisiones-100x67.png 100w, https:\/\/www.lemas.edu.ec\/ml1\/wp-content\/uploads\/2023\/04\/Foto_Bachillerato_Admisiones-150x100.png 150w\" sizes=\"(max-width: 313px) 100vw, 313px\" \/>\t\t\t\t\t\t\t\t\t\t\t\t\t\t\t<\/p>\n<h4>Para 1ro de bachillerato<br \/>\n<\/h4>\n<p>Para las admisiones del nivel Bachillerato es necesario completar los siguientes requisitos:<\/p>\n<p><b>Para la Aplicaci\u00f3n.-<\/b><\/p>\n<ul>\n<li>C\u00e9dula del aspirante.<\/li>\n<li>C\u00e9dula del representante legal.<\/li>\n<li>Foto del aspirante tama\u00f1o carnet.<\/li>\n<li>Certificado de no adeudar emitido por la instituci\u00f3n educativa anterior.<\/li>\n<li>\u00daltima Libreta de Calificaciones (Obligatorio desde 2do EGB).<\/li>\n<\/ul>\n<p><b>Para la Matr\u00edcula.-<\/b><\/p>\n<ul>\n<li>C\u00e9dula del padre o madre que no sea el Representante Legal.<\/li>\n<li>Certificado laboral del representante legal.<\/li>\n<li>Certificado del DECE (en caso de que ser solicitado por la Comisi\u00f3n de Admisiones)<\/li>\n<li>Certificado de Validaci\u00f3n de Estudios (emitida por el Distrito Educativo, solo para estudiantes que realizaron el \u00faltimo a\u00f1o escolar fuera del pa\u00eds)<\/li>\n<\/ul>\n<p>Cualquier novedad o consulta escr\u00edbanos a: <a href=\"mailto:admision@lemas.edu.ec\" target=\"_blank\" rel=\"noopener\">admision@lemas.edu.ec<\/a><\/p>\n<section id=\"fsEl_2304\" data-use-new=\"true\">\n<header><\/header>\n<\/section>\n","protected":false},"excerpt":{"rendered":"<p>Admisiones 2026 Nos sentimos gratamente complacidos de recibirlos como parte de esta gran familia. Por ello, deseamos acompa\u00f1arlos en este proceso, para que el mismo,&nbsp;<a href=\"https:\/\/www.lemas.edu.ec\/ml1\/admisiones\/\">&hellip;<\/a><\/p>\n","protected":false},"author":1,"featured_media":0,"parent":0,"menu_order":0,"comment_status":"closed","ping_status":"closed","template":"template-fullwidth-no-title.php","meta":{"footnotes":""},"class_list":["post-376","page","type-page","status-publish","hentry","odd"],"_links":{"self":[{"href":"https:\/\/www.lemas.edu.ec\/ml1\/wp-json\/wp\/v2\/pages\/376","targetHints":{"allow":["GET"]}}],"collection":[{"href":"https:\/\/www.lemas.edu.ec\/ml1\/wp-json\/wp\/v2\/pages"}],"about":[{"href":"https:\/\/www.lemas.edu.ec\/ml1\/wp-json\/wp\/v2\/types\/page"}],"author":[{"embeddable":true,"href":"https:\/\/www.lemas.edu.ec\/ml1\/wp-json\/wp\/v2\/users\/1"}],"replies":[{"embeddable":true,"href":"https:\/\/www.lemas.edu.ec\/ml1\/wp-json\/wp\/v2\/comments?post=376"}],"version-history":[{"count":498,"href":"https:\/\/www.lemas.edu.ec\/ml1\/wp-json\/wp\/v2\/pages\/376\/revisions"}],"predecessor-version":[{"id":7918,"href":"https:\/\/www.lemas.edu.ec\/ml1\/wp-json\/wp\/v2\/pages\/376\/revisions\/7918"}],"wp:attachment":[{"href":"https:\/\/www.lemas.edu.ec\/ml1\/wp-json\/wp\/v2\/media?parent=376"}],"curies":[{"name":"wp","href":"https:\/\/api.w.org\/{rel}","templated":true}]}}